3231
In base 12, what is 2 - 12152697?
-12152695
In base 15, what is -768 - -d539?
ccc1
In base 2, what is -100100 + -10111011001110?
-10111011110010
In base 15, what is 1d3 - -3870?
3a53
In base 10, what is 577577 - 120?
577457
In base 14, what is 4361 + 44?
43a5
In base 15, what is 13 + -bee9e3?
-bee9d0
In base 11, what is 15770 - -171a9?
31969
In base 7, what is 62043603 - -151?
62044054
In base 2, what is 11001 - 101001110101000101111?
-101001110101000010110
In base 7, what is 34331 - -32225?
66556
In base 9, what is 862161 + -33?
862127
In base 2, what is -111011101100111100011010 + -111?
-111011101100111100100001
In base 16, what is 338 - 84e?
-516
In base 13, what is 2 - -5c9976b?
5c99770
In base 11, what is 28a9419a + 5?
28a941a4
In base 9, what is 3 + -420611186?
-420611183
In base 7, what is 352501163 + 1?
352501164
In base 12, what is 1009868bb + -5?
1009868b6
In base 4, what is 320031 - 1221131?
-301100
In base 2, what is -1111001100011110010000110101 + -101?
-1111001100011110010000111010
In base 14, what is 1 + -2a85b90b?
-2a85b90a
In base 6, what is 21 + -505205304?
-505205243
In base 7, what is -20535 - -502061?
451223
In base 11, what is -1 + 4713001?
4713000
In base 15, what is b53e + 175e?
cc9d
In base 4, what is 2230100 + 1120313?
10011013
In base 13, what is c5037 - -28?
c5062
In base 5, what is -400 - 1414430?
-1420330
In base 14, what is 2 - 91771d?
-91771b
In base 9, what is 11 - 28661565?
-28661554
In base 8, what is -123163 - 4423?
-127606
In base 3, what is 11 - -2012110110001120?
2012110110001201
In base 3, what is -110 - -11121111020112?
11121111020002
In base 10, what is 11364899 - 4?
11364895
In base 16, what is -77f - -83a?
bb
In base 11, what is -29a8635 - 1a?
-29a8654
In base 14, what is 12 - -55827?
55839
In base 5, what is -334330331 + -34?
-334330420
In base 6, what is -3210 - 204450?
-212100
In base 9, what is 18800733 + -3?
18800730
In base 5, what is -320 - 1111243?
-1112113
In base 3, what is -1000211112000 - -22110?
-1000211012120
In base 4, what is 110112032 + -2?
110112030
In base 2, what is 1000111100000101100011001 - 11?
1000111100000101100010110
In base 6, what is -2114120405 + 5?
-2114120400
In base 6, what is 101504225 + 5?
101504234
In base 9, what is -12 - -56506?
56484
In base 5, what is 4023 + 430444?
440022
In base 7, what is -2235055 + 15?
-2235040
In base 11, what is 1495 + 50180?
51665
In base 6, what is 224 + 11521430?
11522054
In base 16, what is 24b - -a55aa?
a57f5
In base 15, what is 43ae24 - 2?
43ae22
In base 11, what is 24476019 + -5?
24476014
In base 15, what is 2632 + -9606?
-6ec4
In base 13, what is 2c85 - 1620?
1665
In base 8, what is -36416 - -1530?
-34666
In base 5, what is 102204210324 + 10?
102204210334
In base 6, what is -1113432112 + -1?
-1113432113
In base 6, what is 2 - -40020042?
40020044
In base 13, what is 7462 + 355?
77b7
In base 13, what is -2b8a0 - -111a?
-2a783
In base 3, what is 2121210 + -2120121102?
-2110222122
In base 6, what is -4134 + 240534?
232400
In base 3, what is -11002122101212 + 12?
-11002122101200
In base 15, what is 678946 + e?
678955
In base 10, what is -27383976 + -1?
-27383977
In base 14, what is 5ac + -5467b?
-540ad
In base 11, what is -107422 + 478?
-106a55
In base 7, what is 156054323 - 12?
156054311
In base 6, what is 2255521124 + 4?
2255521132
In base 9, what is 33 - -7685766?
7685810
In base 11, what is 3 + -2809190?
-2809188
In base 9, what is -3 - 12723727?
-12723731
In base 15, what is 0 + 1cae5?
1cae5
In base 6, what is 5551 + 5424412?
5434403
In base 6, what is 142111300 - -42?
142111342
In base 14, what is 3b6d96 + 18?
3b6db0
In base 13, what is 2498b2 + -c?
2498a3
In base 3, what is 112121210202 - 10?
112121210122
In base 6, what is -2 + 1435445440?
1435445434
In base 4, what is -2232122033313 + -2?
-2232122033321
In base 5, what is 423 + 322314400?
322320323
In base 8, what is 3605 - -112706?
116513
In base 9, what is -22174105 + -3?
-22174108
In base 15, what is 396008 + -b2?
395e46
In base 3, what is -11 + -111200222102110202?
-111200222102110220
In base 11, what is 496668 + 69?
496726
In base 7, what is 214205 - 2633?
211242
In base 10, what is -40211 + -57?
-40268
In base 4, what is -122012133 + -2021?
-122020220
In base 7, what is -14051524 - 1?
-14051525
In base 8, what is -10 + 46761705?
46761675
In base 5, what is -30320 - -22014?
-3301
In base 11, what is -397a9 - -434?
-39375
In base 14, what is -22d3 + 479?
-1c58
In base 6, what is 350 + -44315?
-43525
In base 2, what is -11100001110 + 101100100011?
10000010101
In base 13, what is 51696 - -75?
5173b
In base 9, what is 124 - -7721717?
7721842
In base 6, what is 3 - -332211451?
332211454
In base 16, what is -256d - -63e0?
3e73
In base 14, what is -23 + -636d01?
-636d24
In base 10, what is 11 - -32087058?
32087069
In base 6, what is -330005 - 2114?
-332123
In base 6, what is -1 + -2215030?
-2215031
In base 14, what is -6398b - 775?
-64322
In base 4, what is 33 + -201103233?
-201103200
In base 12, what is 558aa7 + -1?
558aa6
In base 2, what is 110 + -1000111010001001001101010100?
-1000111010001001001101001110
In base 7, what is 1563664 + -11521?
1552143
In base 3, what is 20122222112200002 + -2?
20122222112200000
In base 3, what is -21010 + 12101101?
12010021
In base 4, what is -12111133202 + 22?
-12111133120
In base 3, what is -20211022202 + -122002100?
-21110102002
In base 3, what is -10 + -12002222101210200?
-12002222101210210
In base 15, what is 11 - -23935?
23946
In base 9, what is 205581 - -73?
205664
In base 4, what is -22102 + -3013211?
-3101313
In base 16, what is 72 - 3c5639?
-3c55c7
In base 8, what is -4 - -40616733?
40616727
In base 3, what is 1002 + 11002200211?
11002201220
In base 2, what is -11 - -1011001100110101110100?
1011001100110101110001
In base 14, what is -1 - -215632?
215631
In base 11, what is -16a83 + -2780?
-19753
In base 2, what is -100110110 - 101011010101000?
-101011111011110
In base 2, what is 1 + 1111010101100000001001010?
1111010101100000001001011
In base 14, what is -3 + -71893?
-71896
In base 6, what is -425004 + -4325?
-433333
In base 9, what is -5 - 165688046?
-165688052
In base 5, what is -13334 - -3121101?
3102212
In base 8, what is -7651011 - -2?
-7651007
In base 11, what is -5 + -29656282?
-29656287
In base 5, what is 10 - -12401314343?
12401314403
In base 6, what is -1454310 + -5150?
-1503500
In base 8, what is 20354 - 7726?
10426
In base 9, what is -2645825883 - -2?
-2645825881
In base 4, what is -32112321 - -23232?
-32023023
In base 2, what is 1110100 + 1110100100001?
1110110010101
In base 13, what is 23c9 - 6845?
-4449
In base 14, what is -1b1aca - -118?
-1b19b2
In base 13, what is -2 - -696cc0?
696cbb
In base 14, what is 1cd228d - 3?
1cd228a
In base 13, what is 1 - 90765?
-90764
In base 9, what is -21140062 + -3?
-21140065
In base 4, what is -20122113 + -132323?
-20321102
In base 5, what is -102011 + -2141?
-104202
In base 4, what is -312 - 1312121100?
-1312122012
In base 13, what is -6b - 6b884c?
-6b88ba
In base 9, what is 106524 - 418?
106105
In base 7, what is 3 - -13140345?
13140351
In base 11, what is 4732a5545 - 4?
4732a5541
In base 15, what is 1 + 20221d0?
20221d1
In base 14, what is 174c1a - d5?
174b25
In base 15, what is -32e - -b111?
acd2
In base 5, what is -434101 - 12424?
-1002030
In base 14, what is 59d3269 - -2?
59d326b
In base 14, what is 58922 + 509?
5902b
In base 10, what is -118 - -1134087?
1133969
In base 8, what is 1467523 + 113?
1467636
In base 12, what is -127967 + -14?
-12797b
In base 10, what is -4612093 - -13?
-4612080
In base 9, what is 35 - -1250830?
1250865
In base 13, what is 17ac57b - -4?
17ac582
In base 7, what is 243134345 - 6?
243134336
In base 3, what is 100002101102100 + 0?
100002101102100
In base 14, what is -11 - 195428d?
-19542a0
In base 11, what is 289a68 - -4a9?
28a466
In base 13, what is 24985 - -182?
24b37
In base 8, what is 12264343 + 103?
12264446
In base 16, what is -b0cef + -1?
-b0cf0
In base 14, what is 2 - 10cb62?
-10cb60
In base 11, what is -5 + 1666210a?
16662105
In base 16, what is -3 + 184256b?
1842568
In base 5, what is -1310 - 13113421?
-13120231
In base 2, what is -11010010000111111100000100 - 1?
-11010010000111111100000101
In base 16, what is -33f6cd9 - -3?
-33f6cd6
In b